of 16635670?
3
What is the ten thousands digit of 6783158?
8
What is the thousands digit of 1729340?
9
What is the ten thousands digit of 5925103?
2
What is the tens digit of 132385?
8
What is the hundreds digit of 190297?
2
What is the thousands digit of 620826?
0
What is the millions digit of 35268828?
5
What is the ten millions digit of 10113837?
1
What is the ten thousands digit of 990677?
9
What is the hundred thousands digit of 319263?
3
What is the tens digit of 4742626?
2
What is the thousands digit of 30101746?
1
What is the thousands digit of 30121126?
1
What is the hundred thousands digit of 333721?
3
What is the thousands digit of 27919280?
9
What is the hundred thousands digit of 1759784?
7
What is the hundred thousands digit of 945843?
9
What is the thousands digit of 4360780?
0
What is the hundreds digit of 2243868?
8
What is the hundreds digit of 446686?
6
What is the ten millions digit of 16721364?
1
What is the hundred thousands digit of 279236?
2
What is the thousands digit of 344039?
4
What is the hundreds digit of 4365817?
8
What is the ten thousands digit of 6398749?
9
What is the hundreds digit of 131309?
3
What is the ten thousands digit of 19305752?
0
What is the thousands digit of 503212?
3
What is the hundreds digit of 2536866?
8
What is the hundreds digit of 397498?
4
What is the tens digit of 236290?
9
What is the thousands digit of 525162?
5
What is the hundred thousands digit of 1023676?
0
What is the ten thousands digit of 6704049?
0
What is the hundreds digit of 395952?
9
What is the hundred thousands digit of 389605?
3
What is the hundred thousands digit of 413620?
4
What is the ten thousands digit of 238123?
3
What is the hundred thousands digit of 246355?
2
What is the hundred thousands digit of 552958?
5
What is the ten thousands digit of 201277?
0
What is the tens digit of 26440?
4
What is the thousands digit of 1008601?
8
What is the tens digit of 262021?
2
What is the units digit of 19387839?
9
What is the ten millions digit of 13385355?
1
What is the hundred thousands digit of 293032?
2
What is the tens digit of 38961949?
4
What is the thousands digit of 705836?
5
What is the units digit of 154327?
7
What is the units digit of 753515?
5
What is the hundred thousands digit of 933839?
9
What is the hundreds digit of 123553?
5
What is the ten thousands digit of 16699565?
9
What is the ten thousands digit of 377835?
7
What is the ten thousands digit of 2354973?
5
What is the millions digit of 3453077?
3
What is the ten thousands digit of 185356?
8
What is the thousands digit of 207091?
7
What is the units digit of 49199?
9
What is the millions digit of 4546338?
4
What is the millions digit of 5767188?
5
What is the units digit of 431965?
5
What is the ten thousands digit of 7396707?
9
What is the ten thousands digit of 9351596?
5
What is the thousands digit of 2750914?
0
What is the tens digit of 345164?
6
What is the hundred thousands digit of 2898083?
8
What is the thousands digit of 5871725?
1
What is the units digit of 114804?
4
What is the units digit of 8313719?
9
What is the units digit of 189186?
6
What is the hundreds digit of 2042822?
8
What is the hundred thousands digit of 32914012?
9
What is the hundred thousands digit of 728364?
7
What is the hundreds digit of 33038?
0
What is the units digit of 677934?
4
What is the units digit of 427114?
4
What is the tens digit of 325579?
7
What is the units digit of 2136349?
9
What is the hundreds digit of 240571?
5
What is the units digit of 10315656?
6
What is the units digit of 118314?
4
What is the thousands digit of 99158?
9
What is the ten thousands digit of 4107363?
0
What is the millions digit of 1173210?
1
What is the ten thousands digit of 6360673?
6
What is the thousands digit of 5262687?
2
What is the thousands digit of 20062096?
2
What is the hundreds digit of 6355318?
3
What is the units digit of 180368?
8
What is the thousands digit of 46662?
6
What is the thousands digit of 574603?
4
What is the hundred thousands digit of 141019?
1
What is the hundred thousands digit of 3825070?
8
What is the tens digit of 746329?
2
What is the hundreds digit of 99075?
0
What is the thousands digit of 10863527?
3
What is the tens digit of 4734978?
7
What is the tens digit of 6055790?
9
What is the units digit of 741436?
6
What is the units digit of 1263685?
5
What is the tens digit of 22159499?
9
What is the units digit of 6913968?
8
What is the units digit of 721037?
7
What is the hundreds digit of 16746672?
6
What is the units digit of 399637?
7
What is the tens digit of 568388?
8
What is the units digit of 14168362?
2
What is the tens digit of 214870?
7
What is the hundreds digit of 144640?
6
What is the hundred thousands digit of 18605923?
6
What is the units digit of 3403074?
4
What is the hundreds digit of 33517039?
0
What is the hundred thousands digit of 5306715?
3
What is the tens digit of 448414?
1
What is the hundreds digit of 391838?
8
What is the units digit of 565804?
4
What is the millions digit of 6276667?
6
What is the millions digit of 1155111?
1
What is the ten thousands digit of 9971520?
7
What is the hundred thousands digit of 642674?
6
What is the thousands digit of 93373?
3
What is the ten millions digit of 22094534?
2
What is the units digit of 688436?
6
What is the units digit of 241638?
8
What is the tens digit of 444367?
6
What is the hundreds digit of 1431079?
0
What is the thousands digit of 515216?
5
What is the ten thousands digit of 14514?
1
What is the tens digit of 3086107?
0
What is the thousands digit of 2006017?
6
What is the ten thousands digit of 3264363?
6
What is the hundreds digit of 820635?
6
What is the hundreds digit of 450649?
6
What is the tens digit of 62791?
9
What is the hundred thousands digit of 200885?
2
What is the hundreds digit of 2019639?
6
What is the units digit of 4448893?
3
What is the hundreds digit of 1611505?
5
What is the hundreds digit of 867850?
8
What is the ten thousands digit of 677995?
7
What is the ten thousands digit of 92171?
9
What is the thousands digit of 29841?
9
What is the units digit of 6520?
0
What is the hundred thousands digit of 12337027?
3
What is the thousands digit of 7672?
7
What is the millions digit of 2574847?
2
What is the millions digit of 2237125?
2
What is the tens digit of 395905?
0
What is the units digit of 3961938?
8
What is the ten thousands digit of 19087744?
8
What is the units digit of 9860800?
0
What is the hundreds digit of 6123844?
8
What is the thousands digit of 63285?
3
What is the tens digit of 391012?
1
What is the units digit of 263536?
6
What is the ten thousands digit of 361279?
6
What is the tens digit of 869676?
7
What is the tens digit of 1967668?
6
What is the tens digit of 1333?
3
What is the hundred thousands digit of 213055?
2
What is the tens digit of 3310?
1
What is the tens digit of 2175957?
5
What is the tens digit of 20438828?
2
What is the ten thousands digit of 3603976?
0
What is the hundreds digit of 3765387?
3
What is the hundreds digit of 830048?
0
What is the hundreds digit of 2314011?
0
What is the hundred thousands digit of 20219387?
2
What is the units digit of 344177?
7
What is the hundred thousands digit of 2260399?
2
What is the hundred thousands digit of 282078?
2
What is the millions digit of 3578142?
3
What is the millions digit of 1953435?
1
What is the hundreds digit of 800475?
4
What is the tens digit of 389235?
3
What is the hundreds digit of 1668328?
3
What is the hundred thousands digit of 2623942?
6
What is the millions digit of 6936140?
6
What is the ten thousands digit of 196649?
9
What is the tens digit of 331853?
5
What is the hundreds digit of 991410?
4
What is the hundreds digit of 26237362?
3
What is the millions digit of 1109246?
1
What is the tens digit of 8065858?
5
What is the thousands digit of 558606?
8
What is the hundreds digit of 3852383?
3
What is the millions digit of 4755647?
4
What is the thousands digit of 7960901?
0
What is the thousands digit of 893425?
3
What is the units digit of 509022?
2
What is the tens digit of 15837?
3
What is the ten thousands digit of 8216254?
1
What is the tens digit of 2156525?
2
What is the thousands digit of 3183707?
3
What is the thousands digit of 1083